. List the prime factors of x.
3, 11, 17
Suppose -16 = 2*h + 28. Let c = -15 - h. Suppose -c = -2*m + 35. What are the prime factors of m?
3, 7
Suppose 0 = -232*u + 445674 + 2841998. List the prime factors of u.
37, 383
Let l be (-1326)/(-119) - 12/(-14). List the prime factors of 2/3 - 2/(l/(-518)).
3, 29
Let p(r) = r**2 + 11*r - 27. Let z be p(-14). Suppose 15*v - 13*v - 1840 = 0. Suppose z*n - 10*n = v. What are the prime factors of n?
2, 23
Let h(k) = -7*k**3 - 3*k**2 - 50*k - 211. What are the prime factors of h(-10)?
29, 241
Let a = 1465 + -913. Suppose -2*s - f = -0*s - a, -2*s = 3*f - 548. List the prime factors of s.
277
Suppose 5*g - 4*a = 70651, 40*a - 36*a = -g + 14135. List the prime factors of g.
13, 1087
Suppose -k - o + 159 = 0, 0 = 5*o - 8 - 7. Let c = k + 560. List the prime factors of c.
2, 179
Suppose 64*m - 808*m + 36255180 = -108*m. List the prime factors of m.
5, 13, 877
Let a(v) = -2*v**2 + 44*v + 63. What are the prime factors of a(17)?
233
Suppose -22*s - 111 - 219 = 0. Let u = 446 + s. What are the prime factors of u?
431
Suppose 5559 = 11*r + 6*r. Suppose -z - 81 + r = 0. List the prime factors of z.
2, 3, 41
Suppose -27073 = 27*k - 537886. List the prime factors of k.
18919
Let r = 69 + -65. Suppose 4*m - 5287 = -r*d - 51, 0 = -2*d + m + 2615. What are the prime factors of d?
2, 3, 109
Let s = -5 + 12. Suppose -3*a + k + 66 = 0, 2*a - s*a = 2*k - 110. Suppose a = 6*m - 2. List the prime factors of m.
2
Let a(n) be the first derivative of 41*n**2/2 - 48*n + 42. What are the prime factors of a(4)?
2, 29
Let p = -87 - -100. Suppose -7*k = -p*k + 618. List the prime factors of k.
103
Let p(n) = -n + 16. Let h be p(10). Suppose -16 = -4*z - 2*a, -4*z + h*a = 4*a - 24. Suppose -r - 69 = -l - z*r, -5*r - 190 = -3*l. List the prime factors of l.
5, 13
Suppose -146*i - 130*i = -229*i - 546939. List the prime factors of i.
3, 431
Let a(g) = -48*g + 3234. List the prime factors of a(0).
2, 3, 7, 11
Suppose -3*k + 15 = 3*s, -9*s + 4*s + 4*k - 20 = 0. Suppose -3*g - 2*f = 493, 3*g + 5*f + 680 - 172 = s. Let w = g - -261. List the prime factors of w.
2, 5
Let t(z) = -4*z + 1. Let k be t(-1). Suppose -k - 7 = -2*d. List the prime factors of 1/(2*(-1)/d) - -114.
3, 37
Let d(q) = 13*q**3 - 7*q**2 - 18*q + 119. Let j(t) = 4*t**3 - 2*t**2 - 6*t + 40. Let f(w) = 3*d(w) - 8*j(w). What are the prime factors of f(4)?
3, 127
Let a be 218/((-24)/(-2184) - 1/(-7)). List the prime factors of -1*(-8 - -16 - a).
1409
Let j be -4*((-6)/24 + (-1)/4). What are the prime factors of (-852)/(6/j)*(-9)/6?
2, 3, 71
Suppose -3*m = -4*k + 30600, 7645 = k - 93*m + 91*m. What are the prime factors of k?
3, 2551
Suppose 3*c - 3 = 0, 151*g - 2*c = 147*g + 143398. List the prime factors of g.
2, 3, 5, 239
Let b be 0*1/(-6)*1. Suppose -648*a + 649*a - 49 = b. What are the prime factors of a?
7
Let w be (-4)/(-18) - 260/(-45). Let c(z) = 10*z + 13. Let u be c(w). Let l = u + 17. List the prime factors of l.
2, 3, 5
Suppose -9697 = -11*v + 8*v + 26816. List the prime factors of v.
3, 4057
Let n be 3 - 69/(-9) - 4/6. List the prime factors of n*((-4295)/(-175) + (-4)/28).
2, 61
What are the prime factors of (14/(-6))/((-25 + 26)/(1572/(-4)))?
7, 131
Let x(z) = z**2 - 7*z + 2. Let u be x(4). What are the prime factors of ((-973)/2)/(4 - (-45)/u)?
7, 139
Suppose 507493 = -b + 50*b. What are the prime factors of b?
10357
Let x(t) = -25*t**3 + t**2 + 2*t - 4. Suppose 24*d + 21 + 27 = 0. List the prime factors of x(d).
2, 7
Let c = -31496 + 64983. List the prime factors of c.
33487
Let y = -104 + 116. List the prime factors of -312*2/y*-2.
2, 13
Let w(q) be the first derivative of q**3/3 - 3*q**2 - 17*q - 1. Let v be w(8). What are the prime factors of -2 + 135 - (-1 + v)?
3, 5
Let h = -2958 + 2904. Let f(r) = -9*r + 2. Let j be f(-7). Let l = h + j. List the prime factors of l.
11
What are the prime factors of ((1822/(-12))/1)/(7/(-714))?
17, 911
List the prime factors of 5169/2 + (-410)/(-20) + -20.
5, 11, 47
Suppose 0*s = -4*s + 2*d + 494, -5*d = 25. Suppose 3*z = -s + 136. Suppose 4*v - 190 = -5*o, -z*v = -o - 2*o - 219. List the prime factors of v.
3, 5
Let r = 326 - 324. Suppose -3*m + 132 + 234 = 2*x, r*x - m = 350. List the prime factors of x.
3, 59
Let c(h) = h**2 - 20*h + 38. Let m be c(18). Let b be m/8 - (-167)/4. Let x = b + -17. List the prime factors of x.
5
Suppose -22*p - 35*p + 639816 = -4*p. List the prime factors of p.
2, 3, 503
What are the prime factors of (-702964)/(-36) - (-20)/90?
3, 23, 283
Let u = 2139 + -1827. List the prime factors of u.
2, 3, 13
Let g be (-1)/4 + -3*61210/(-120). Suppose -g = -3*m + 1008. What are the prime factors of m?
2, 3, 47
Let d = 124 - -205. Suppose d + 271 = f. Suppose 12*p - 18*p + f = 0. What are the prime factors of p?
2, 5
Let p(a) = 336*a**2 - 70*a - 77. List the prime factors of p(9).
7, 541
Let w(m) = -m**3 - 5*m**2 - m - 3. Let v be w(-5). Suppose 0 = -5*y + j + 29, -6*y = -y - 5*j - 45. Suppose -v*l - y*l = -749. What are the prime factors of l?
107
What are the prime factors of 16809705/1089 + 60/55?
43, 359
Let y be -24 - -27 - (42 + 1). Suppose 0 = -5*z + 18 + 37. Let o = z - y. List the prime factors of o.
3, 17
Suppose 5 = -7*w - 16. Let s(j) be the third derivative of -j**4/6 + 7*j**3/3 - 9*j**2. List the prime factors of s(w).
2, 13
Suppose -126*m + 20*m + 7893290 = 0. What are the prime factors of m?
5, 53, 281
Let m = -198 - -198. Suppose -9 = 3*p - m, 4*r + 3*p - 1007 = 0. List the prime factors of r.
2, 127
Let s(i) = 3*i**3 + 20*i**2 + 43*i - 45. Let m(q) = 13*q**3 + 81*q**2 + 171*q - 180. Let f(t) = 2*m(t) - 9*s(t). List the prime factors of f(-19).
13, 97
Let k(p) = p**2 + p. Let j be k(-2). Let c be (1 - 1674/(-48)) + j/16. Suppose s - 102 = c. What are the prime factors of s?
2, 3, 23
Suppose b = 867 + 7201. List the prime factors of 6/10 - (-3 - b/20).
11, 37
Suppose 2184 = 17*d - 689. Let j be 1/(2*1/42). Let n = j + d. List the prime factors of n.
2, 5, 19
Suppose -4*l = 4*y + 56, 12*y + l - 30 = 15*y. List the prime factors of 94 + (y - (-6 + 1)).
2, 11
Suppose -5*g + 51 = 11. Suppose -5*s - 828 = -g*s. What are the prime factors of s?
2, 3, 23
Let s(v) = -14*v**2 + 28*v - 5. Let c be s(2). What are the prime factors of (-123)/(-2)*(1020/(-18))/c?
17, 41
Suppose 0 = 3*l + 2*c - 25518, -3*l - 3*c + 8418 + 17097 = 0. List the prime factors of l.
2, 3, 709
What are the prime factors of 13182/273*(-147)/(-3)?
2, 7, 13
Let j = -51 + 64. Suppose j*n - 40 = 5*n. Suppose -n*v = -4*v + 2, 5*v = -5*t + 420. List the prime factors of t.
2, 43
What are the prime factors of (137 - 154)/((-2)/(-1986)*-1)?
3, 17, 331
Suppose 103 = 6*g - 161. Suppose 2*f - 98 = g. Suppose 4*v + f = w - 123, -w = 4*v - 154. What are the prime factors of w?
2, 3, 29
Suppose -t - 4 = -3*j, 1 = -5*j - t - 3. Suppose 66*u - 57*u - 306 = j. What are the prime factors of u?
2, 17
Let b be 182*(-4 - (-63)/14). Let u = b + 194. List the prime factors of u.
3, 5, 19
Suppose -k + 28 = k - 4*b, 5*k + b - 70 = 0. Suppose 5*m = -10 - 0, 0 = -4*v + 5*m + 74. Suppose k*a + 136 = v*a. What are the prime factors of a?
2, 17
Let r = 6144 + -2282. List the prime factors of r.
2, 1931
Suppose 9873 = 20*t - 11*t. Suppose 4*g - 4*y = y + t, 1363 = 5*g + 2*y. List the prime factors of g.
3, 7, 13
List the prime factors of 16/(-14) - 27653406/(-616) - 24/32.
2, 5, 67
Suppose 0 = 4*z - 16 - 4. Suppose -z*f + q = 460, 2*f - 2*q - 48 = -224. Let g = f + 133. What are the prime factors of g?
2, 5
Let t(m) = 3*m**3 - 51*m**2 - 12*m - 35. What are the prime factors of t(22)?
6961
Suppose 3*k - 20 = -k. Suppose -32 = -3*s + 3*l + 142, -k*l - 50 = -s. List the prime factors of s.
2, 3, 5
Let g = -366 + 376. Suppose 3*t - 845 = 5*o, 3*o - g = -4. What are the prime factors of t?
3, 5, 19
Let m(t) = -10*t**3 - t**2 + 42*t + 0*t**3 - 47*t - 9 - 6*t**3. What are the prime factors of m(-3)?
3, 11, 13
Let d = 30441 + -20531. What are the prime factors of d?
2, 5, 991
Suppose 3*z - 614 = -2*a, 2*z - 774 + 162 = -2*a. Suppose 1335 - a = 3*q + 2*g, -2*q + 678 = -g. Suppose 3*m = q - 227. List the prime factors of m.
2, 19
Suppose y - 60 = -5*o - 212, -2*y - 4 = 0. Let u = o - -39. Let j(l) = 6*l - 12. List the prime factors of j(u).
2, 3, 7
What are th